1 = 28*s - 7*s. What is the remainder when 102 is divided by s?
18
Suppose 5*b = -2 + 17. Suppose 2*s + b*l - 85 = 0, -3*s - 4*l = -4*s + 59. What is the remainder when s is divided by 17?
13
Let w(h) = -h**2 + 10*h + 10. Let c be (-90)/(-8) - 4/16. Let a be w(c). Calculate the remainder when 68 is divided by a + (1 - -3) + 20.
22
Let m(w) = -w**3 + 9*w**2 + 9*w - 128. What is the remainder when 169 is divided by m(5)?
16
Let y = -809 - -832. Suppose -5*f + 0*f + 25 = 0. Calculate the remainder when y is divided by f.
3
Suppose 819 = 82*i - 73*i. Calculate the remainder when 903 is divided by i.
84
Let g = -101 - -144. Calculate the remainder when g is divided by 34.
9
Let a = -280 - -297. What is the remainder when 50 is divided by a?
16
Suppose 1630 = 3*l + 1540. Calculate the remainder when 4198 is divided by l.
28
Let o = -244 - -393. What is the remainder when o is divided by 44?
17
Let c = -1050 + 1126. What is the remainder when 310 is divided by c?
6
What is the remainder when 2/(-10) + 436*(-5)/(-25) is divided by 23?
18
Let w = -2 - -3. Let u(b) = 5*b**3 - b + 2. What is the remainder when u(w) is divided by 2?
0
Suppose 4*o = 101 - 21. Suppose -j + 5*m = -41, -2*m = 13 - 3. What is the remainder when 948/j - 1/4 is divided by o?
19
Let t = 175 - 159. What is the remainder when 287 is divided by t?
15
Let k(x) = x**3 - 11*x**2 - 17*x + 8. Calculate the remainder when k(13) is divided by 32.
29
Let z = 70 + -24. What is the remainder when z is divided by 4?
2
Suppose -36*g + 260 = -10*g. Calculate the remainder when 196 is divided by g.
6
Calculate the remainder when 112 is divided by 1 + -7 + (53 - -18).
47
Suppose -451*m + 77 = -444*m. Calculate the remainder when 162 is divided by m.
8
Let o(y) = 2*y**3 - 14*y**2 - 29*y - 22. Calculate the remainder when 120 is divided by o(9).
38
Suppose -200 = -3*v + 8*v. Let x = v - 76. Calculate the remainder when 2/(2*(-2)/x) is divided by 15.
13
Calculate the remainder when 185 is divided by (-21)/((23 - 19) + (1 - 6)).
17
Suppose 0 = 4*s + s, -s = 5*m - 5. Calculate the remainder when (-61*1)/(-4 + (m - -2)) is divided by 32.
29
Calculate the remainder when (-3 + 2)/((-3)/51) is divided by 3.
2
Let j(o) = 2*o + 1. Let g(h) = 2*h - 9. Let b be g(10). Let v(z) = -z + 14. Let f be v(b). Calculate the remainder when 25 is divided by j(f).
4
Let c = -635 - -649. What is the remainder when 109 is divided by c?
11
Let p = -41 - -45. Suppose 2*z = -3*q + 62, q - 3*z + 63 = p*q. Calculate the remainder when 79 is divided by q.
19
Suppose 29*p - 38*p = -2727. Calculate the remainder when p is divided by 76.
75
Let t(i) = -i**3 - i**2 - 5*i - 3. Let n be t(-2). Let r = n + 6. What is the remainder when ((-2)/6)/((-2)/186) is divided by r?
14
Let i be (0/(-2))/(-5 + 6). Suppose -3*n = -2*j + 13, 0 = j - i*j + 2*n - 17. Let c = 43 + -22. Calculate the remainder when c is divided by j.
10
Suppose 0*u = 3*z + 3*u - 3, 3*z - u = 7. Suppose -4*v = -5*m + 28, -3*v = -z*v - m + 7. What is the remainder when v/14*(-79 + 1) is divided by 14?
11
Let x(h) = -76*h - 6*h - 6*h. Calculate the remainder when x(-1) is divided by 15.
13
Suppose -a = -3*a + 42. What is the remainder when -2 + 1 + (0 - -103) is divided by a?
18
Suppose -5*b - 21 - 9 = -5*u, -b - 5*u = 24. Let s = 16 + b. Let o(k) = -k**3 + 2*k + 12. Calculate the remainder when o(0) is divided by s.
5
Suppose -z - 3*h = 4*z - 19, 0 = z + 3*h + 1. Suppose -5 = -z*t + 5, 4*x + 3*t - 310 = 0. Calculate the remainder when x is divided by 21.
13
Let t(i) = i + 37. Suppose 0 = -3*o + o + 2. Calculate the remainder when (-3)/o - (-55 - -3) is divided by t(-23).
7
Suppose -3*r - 5*r + 304 = 0. Let l = -31 + 52. What is the remainder when r is divided by l?
17
Suppose 5*s - 36 = -3*m, 5*s - 59 = -4*m + 2*s. What is the remainder when 779 is divided by m?
14
Suppose 3*y - 9 = -3*c, -15 = -5*y + c + 2*c. Suppose -3*g + y*u + 6 = 0, -5*g - u + 5*u = -8. Let i = 2 + g. Calculate the remainder when 7 is divided by i.
1
Let y(u) = -u - 2. Let c be y(-4). Suppose 147 = c*x + 21. Let t = -2 - -18. Calculate the remainder when x is divided by t.
15
Let w = 36 - 33. Suppose -l - w = -4*l. Calculate the remainder when 2 is divided by l.
0
Let f(x) = 27*x - 2. Let l be f(1). Let a = -20 - l. Let s = a + 80. Calculate the remainder when 137 is divided by s.
32
Let z(x) = -34*x - 35. Let q be z(-3). Let r = q + -46. Calculate the remainder when 144 is divided by r.
18
Let d(k) = -k**2 + 2*k. Suppose -23 - 5 = -4*p. Let m be d(p). Let t = m - -84. What is the remainder when t is divided by 25?
24
Let y be (2 - 20/16)*116. Let s = 12 + y. Suppose -50 = 13*c - 15*c. What is the remainder when s is divided by c?
24
Let o be (2 + 828/(-10))*-5. Suppose 136 + o = 5*b. Suppose 0 = -3*t + 39 + b. Calculate the remainder when t is divided by 10.
9
Let m(n) = 5*n**2 - n. Suppose 14*v - 16*v = -4*d + 48, d - 9 = -v. What is the remainder when d is divided by m(-1)?
5
Let o = -168 + 253. Calculate the remainder when o is divided by 18.
13
Let f(l) = l**2 + 3. Let x(c) = 2*c + 1 + 9*c**2 + 12*c**2 - 3*c. Calculate the remainder when x(2) is divided by f(5).
27
Let i = 62 + -20. Suppose -t + 6*t + 3*u - 238 = 0, -t + 5*u + i = 0. Let s = t + -33. Calculate the remainder when 54 is divided by s.
12
Let h(t) be the third derivative of 23*t**5/30 - t**4/4 - 2*t**3/3 - 9*t**2. Calculate the remainder when h(2) is divided by 43.
39
Let x(c) = -37*c - 14. Calculate the remainder when x(-2) is divided by 22.
16
Let o(l) = 185*l**3 + l + 1. Let t be o(-1). Let h = t - -89. Calculate the remainder when 16 is divided by 9/(-15) + h/(-10).
7
Suppose -4 = -2*w, -59 = -4*b + 3*w + 115. Calculate the remainder when 134 is divided by b.
44
Let a = -26 - -45. Let b be 1 + (-14)/(-4) + (-6)/(-4). Suppose -9*z + b*z = -30. Calculate the remainder when a is divided by z.
9
Let l(m) = 13*m**2 - 5*m + 2. Calculate the remainder when l(1) is divided by 10.
0
Let v = -563 - -568. Calculate the remainder when 17 is divided by v.
2
Let h(c) = c**3 - 46*c**2 + 92*c - 139. Calculate the remainder when 270 is divided by h(44).
11
Calculate the remainder when 2/(0 + (-6)/(-296 - 4)) is divided by 26.
22
Let x = -17 + 19. Suppose -7*i - b + 140 = -2*i, x*b = 4*i - 126. Let q = 28 + -13. Calculate the remainder when i is divided by q.
14
Let d(g) = g**3 + 10*g**2 + 11*g. Calculate the remainder when 198 is divided by d(-8).
38
Suppose 35*c + 550 = 40*c. Calculate the remainder when c is divided by 46.
18
Calculate the remainder when 189 is divided by ((-2)/(-3))/(2/(-144)*-3).
13
Let z = -639 + 649. What is the remainder when 1479 is divided by z?
9
Let p be ((0 - -7) + -2)*1. Let k = -1 - 3. Let f = p - k. What is the remainder when f is divided by 6?
3
Let m = 12 - 15. Let c(k) = -k**3 - 3*k**2 - k - 3. Let o be c(m). Suppose -36 = -4*p - o*p. Calculate the remainder when 35 is divided by p.
8
Suppose 3*t = -2*t + 30. Suppose -2*h + t*h - 12 = 0. Suppose -9 = h*y, 4*j + y = -0*j + 257. What is the remainder when j is divided by 17?
14
Suppose 3*g - 4*d + 170 = -261, -3*g = d + 436. Let c = g + 248. Calculate the remainder when c is divided by 2/4 + 41/2.
19
Suppose -3 = -4*b + 5. Suppose 0 = -g + b*g - 24. Suppose p + u + 4*u - g = 0, 5*p - 3*u = 148. Calculate the remainder when p is divided by 15.
14
Suppose 124*r = 6673 + 271. What is the remainder when 614 is divided by r?
54
Suppose 4*j = 8 + 8. Let v(h) = -h**2 + 10*h - 6. Let b be v(9). Suppose 3*k - b*a - 6 = -0*a, -k - 18 = -5*a. What is the remainder when k is divided by j?
3
Let q(w) = 2*w**2 - 15*w. Let t be q(8). Suppose -4*s + 4*r = -t, -9*s + 8*s - 13 = -4*r. Let x(y) = y**2 + 1. What is the remainder when x(-5) is divided by s?
5
Let l = 185 + -110. Let q = l - -99. What is the remainder when q is divided by 44?
42
Suppose 7*p - 257 = 79. What is the remainder when p is divided by 21?
6
Let s(i) be the third derivative of -i**5/60 + 13*i**4/24 - i**3/6 + 19*i**2. Suppose 7*x - 3*x = 40. What is the remainder when s(x) is divided by 15?
14
Let d(a) = -a**2 - 35*a - 33. Calculate the remainder when d(-17) is divided by 55.
53
Suppose 5*u - 67 = -22. Let s = u - 6. Suppose 0 = -q - 5*g + 4, 2*q + 2*g + s = 27. What is the remainder when 54 is divided b